. Is h a prime number?
True
Suppose 6 = l, 0 = -3*j - 81*l + 78*l + 944553. Is j prime?
False
Suppose -52*y = -23*y + 21286. Let g = y - -1925. Is g a composite number?
True
Let t be -1*(-1 + -20 + -2). Let x(h) = -6*h + 346. Let u be x(47). Let p = u + t. Is p prime?
False
Let f(q) = -15*q**3 - 5*q**2 + 14*q - 2. Let p be -9*(-6)/(-8) + 144/192. Is f(p) composite?
True
Suppose 0 = -g - 2*f + 697, -6*g - 8*f = -4*g - 1398. Is g prime?
False
Let y(g) = -g**3 - 22*g**2 - 4*g - 5. Let f be (-5)/((-40)/(-36))*(-4)/6. Suppose f*n = 3, 3*n + 3 - 28 = o. Is y(o) a composite number?
False
Suppose -541747 = 8*k - 27*k. Is k prime?
True
Let q be -1 + (5617 - (-2)/(-1)). Let o = -3137 + q. Is o prime?
True
Let c = 15457869 - 8372182. Is c a composite number?
True
Let j(c) = 13553*c**2 + 116*c - 1114. Is j(9) a composite number?
True
Let c(t) = -8808*t + 3. Let y(f) = 4402*f - 2. Let k(n) = 3*c(n) + 7*y(n). Is k(4) composite?
True
Suppose 14438593 + 3700981 = 99*o - 3189283. Is o a composite number?
False
Suppose m - 3168 = 2*b + 3*m, 4*b - 3*m + 6336 = 0. Let d be 3/18*4*(-24744)/16. Let l = d - b. Is l prime?
False
Let l = -403903 - -813846. Is l a prime number?
True
Suppose 23*l = 2*l - 21. Is l + 416 - (5 - 49/7) composite?
True
Let z(m) = 216*m**2 + 4*m - 1. Let t(q) = q**3 - 18*q - 9. Let w be t(-4). Is z(w) composite?
False
Let f(z) = 10*z**3 - 47*z**2 + 154*z + 88. Is f(31) a composite number?
True
Suppose -g + 4*g - 39099 = 0. Is ((-21)/7 - -4)*g prime?
True
Let h(q) = 3036*q**2 + 109*q + 50. Is h(13) a composite number?
True
Let r = -148 - -130. Is (-4)/r + (-62710)/(-90) composite?
True
Suppose -39*l = 101*l - 470761340. Is l composite?
False
Suppose -40 + 20 = -5*w. Suppose w = 4*g + c, 0 = 2*c + 11 - 19. Suppose g*d - d - 3 = 0, 5*d + 1638 = 3*h. Is h a prime number?
True
Is (17 + (-66)/4)/(1/436006) a composite number?
False
Let b(i) = 3150*i**2 + 58*i - 293. Is b(6) a composite number?
True
Let u be (-3 + 1 + 2)/(-2). Suppose 3*q + q + 12 = z, u = -2*z + 4*q + 16. Suppose -n + z = 3*c, 4*c - 3*c = -3. Is n a prime number?
True
Suppose i = -i - 4, c + 8 = -5*i. Suppose 5*t - 2761 - 4793 = -h, -4535 = -3*t + c*h. Is t a prime number?
True
Suppose 12 = -3*o, -4*n - 2059 + 13643 = -3*o. Is n composite?
True
Suppose -8*u + 27 = u. Suppose 5*o + p - 31 = 8, -u*o + 25 = p. Suppose y = o*y - 11046. Is y prime?
False
Let k(j) = -14*j**2 + 51*j - 100. Let d(s) = 5*s**2 - 17*s + 33. Let n(i) = -11*d(i) - 4*k(i). Let r be n(19). Is (-2)/(-4)*34*(r - -14) a prime number?
False
Suppose -6348*h + 6312*h = -17182764. Is h a prime number?
False
Let i = -3315 - -13714. Is i composite?
False
Let g be (6/(-9)*4)/(2/(-27)). Let n be g/5 - (48/15 + -3). Suppose -27601 = -n*x - 0*x. Is x a composite number?
False
Let m be (-18)/(-2)*2/6. Suppose -5*j = 4*f - 11, m*j + 2*f - 7 = -0*f. Suppose -3*g + 4*g = -c + 308, j*c - 3*g - 918 = 0. Is c a composite number?
False
Let c be (38/20*-204)/((-11)/55). Suppose x + c = 2*p, 2*x + 4220 = 5*p - 623. Is p composite?
False
Let f = -79 - -80. Let x(d) = -1488*d + 8. Let a be x(2). Is f + a/(-3) - (-4)/6 a prime number?
True
Let p(i) = 7*i - 642. Let g be p(16). Suppose -5*l = 4*b + 999, 2*l - l + 3*b = -202. Let o = l - g. Is o prime?
True
Let d(m) = -7*m + 15*m**2 - 20 + 8*m - 22 + 14. Let a be d(5). Let y = -89 + a. Is y a prime number?
True
Let a(f) = -3*f**2 + 11*f - 16. Let c be a(2). Is (2*768)/3 + 3 + c prime?
True
Let a(s) = s**2 + 6*s - 2. Let f = -122 + 126. Suppose 2*r + 5 = 4*o - 19, -f*o = 2*r - 32. Is a(o) a composite number?
False
Let x(j) = 659 - 4*j - 2*j + 13*j + 2*j. Is x(0) a prime number?
True
Let f be (44/30*3)/((-5)/200). Let h = 307 - f. Suppose -b + 434 = -5*w, 4*w + 391 + h = 2*b. Is b prime?
True
Let p(g) = -3*g**3 - 20*g**2 + 5*g - 1. Let j be p(-7). Suppose 4*x = j - 1. Suppose 0 = -5*b + x*y + 1867, 3*b - 4*y - 1117 = -3*y. Is b a composite number?
True
Suppose 3*r - 11*m = -8*m + 274245, -m + 182836 = 2*r. Is r composite?
True
Let p(n) = -309*n**3 - 4*n**2 + 20*n + 118. Is p(-5) composite?
False
Let k(j) = -359*j + 67. Let z be 8*(-1)/4*4. Is k(z) a composite number?
False
Suppose 0 = -z + 4, -8*c = -4*c - 3*z + 264. Let m = -61 - c. Suppose 5*k = 2*q - 3*q + 417, 5*q - m*k - 2031 = 0. Is q a prime number?
False
Is (12868996/(-112))/((-5)/20) a prime number?
True
Suppose -71169 = -1409*m + 1402*m. Is m composite?
True
Let v = -13 + -77. Let d be 6/10 + (-936)/v. Suppose -3250 - 1557 = -d*q. Is q a prime number?
False
Is (2878246/8)/(4/10 + 12/(-80)) composite?
True
Suppose h - 10198 = 4*m, -30664 = -3*h - 0*h - 2*m. Let u = 18035 - h. Is u prime?
True
Suppose 8*s - 2645 = 7*s + 5*f, -5268 = -2*s - f. Let w = -1338 + s. Is w a prime number?
True
Let j = 64055 + 10164. Is j prime?
True
Let n(t) = -4383*t + 1354. Is n(-5) composite?
False
Suppose 740 = 3*v + 2*c, -5*v + 0*v = 2*c - 1228. Suppose -3658 = v*z - 246*z. Is z prime?
False
Let t be (-271)/9 - (-4)/36. Is 1001 + (15/t - (-14)/(-4)) a composite number?
False
Let w = 145 + -143. Is w*(-1949)/2*-3 a prime number?
False
Let t(c) = c**3 - 10*c**2 - 9*c - 19. Let z be t(11). Suppose -y + z*y = 1798. Suppose -y = -9*i + 2215. Is i a composite number?
True
Suppose -59*w + 26390637 + 23899370 = 0. Is w prime?
False
Is (-38 + 45)*33482/14 composite?
False
Is (2364818/8)/((-359)/(-1436)) a prime number?
False
Let d(x) = -52*x**3 + 2*x**2 + x - 2. Let k be d(1). Is 6/33 - (-254)/(-22)*k a composite number?
True
Let q(v) = 333*v - 64. Let t be q(6). Suppose -6*j + t = -5*j. Is j composite?
True
Let i(k) = 129*k**2 - 44*k - 1747. Is i(-42) a composite number?
True
Let t be 1/(-2) + (-60)/(-24). Suppose 2*c = -t*i + 9670, -2*c + 4835 = -c + 5*i. Is c composite?
True
Let m be (2 + -2)*(-2 + 0 + 1). Suppose 53*n - 59*n + 113370 = m. Is n a composite number?
True
Is (8*(-5848396)/64)/((1/(-2))/1) composite?
False
Let y(x) = -17*x**3 + 29*x**2 + 14*x - 221. Let d(z) = -11*z**3 + 19*z**2 + 9*z - 147. Let p(m) = 8*d(m) - 5*y(m). Is p(-11) prime?
False
Let p = 1007089 - 506244. Is p a composite number?
True
Let z(u) = -48*u**3 + 10*u**2 + 20*u + 23. Let k be z(-12). Let t = k + -34120. Is t composite?
False
Suppose 2124 - 198 = 2*o. Suppose 4*r + 5*x - 7*x = 3864, -2*x - o = -r. Is r prime?
True
Let l = 94045 + -24156. Is l a composite number?
True
Suppose -5 = 5*m + 5*l - 50, -2*m - 3*l = -19. Suppose -11*g + 25 = -m. Suppose 2187 = -g*u + 20526. Is u a prime number?
True
Let k = 106 + -106. Suppose k = -15*g + 7*g + 464. Is g composite?
True
Suppose -10*y + 19247 = -29347 - 24146. Is y prime?
False
Suppose -1078456 = -4*y - 164*a + 160*a, -808857 = -3*y + 2*a. Is y a prime number?
True
Let m = -5714 - -11689. Let w = m - 1608. Is w a composite number?
True
Is 9 - (-110)/(-5) - -202130 a composite number?
True
Let q(v) = 25*v + 14. Let i be -2*(15/3 - (4 + -1)). Let l(g) = -g**2 + 26*g + 13. Let j(t) = i*l(t) + 5*q(t). Is j(-20) a composite number?
True
Let n = 21871 - 10522. Let z = -5384 + n. Is z composite?
True
Suppose 9*o - 6*o - 15 = 0. Suppose 4*x + 61579 = o*v, 0 = -2*x - 3*x - 5. Is (1/3)/(4 + (-49255)/v) composite?
False
Let k(c) = c**3 + 104*c**2 - 238*c - 34. Is k(-106) composite?
True
Suppose -8*y = -10*y + 20. Is 13831 + (34/y - 3)*-5 prime?
True
Let h(s) = 5*s**2 - 8*s + 5. Let k be h(5). Suppose 0 = -3*f + 20 + 4. Suppose 2*q - f*q = -k. Is q a prime number?
False
Suppose 423765 = 5*y - 2*i, 33*i + 84731 = y + 37*i. Is y composite?
False
Let d = 451815 + -320612. Is d prime?
True
Let k(w) be the first derivative of 6383*w**4/12 - w**3/2 + 5*w**2/2 + 10. Let h(c) be the second derivative of k(c). Is h(1) a composite number?
False
Suppose 616944 + 1650558 = 8*f + 566630. Is f composite?
True
Let c = -16617 - -16626. Suppose 53616 + 13878 = 3*q. Suppose -c*b = -8453 - q. Is b a prime number?
False
Suppose 166240 - 270049 = -18*n + 943269. Is n a composite number?
False
Let g be (-12)/28 + (-29280)/84. Let w(p) = -209*p**3 - 2*p**2 + 2*p - 1. Let j be w(1). Let l = j - g. Is l a prime number?
True
Is (8/(-64)*13798)/(1*(-1)/92) composite?
True
Let z(l) = 37*l**2 - 2*l - 44. Let m(i) be the second derivative of i**4 - i**3/6 - 15*i**2/2 + 15*i. Let c(x) = -11*m(x) + 4*z(x). Is c(-4) prime?
True
Suppose k = -4*k + 18*k - 734747. Is k a compo